
{"id":16,"date":"2021-07-29T11:38:39","date_gmt":"2021-07-29T09:38:39","guid":{"rendered":"https:\/\/zp1.edu.wroclaw.pl\/?page_id=16"},"modified":"2026-02-27T17:48:05","modified_gmt":"2026-02-27T16:48:05","slug":"strona-glowna","status":"publish","type":"page","link":"https:\/\/zp1.edu.wroclaw.pl\/","title":{"rendered":"Strona g\u0142\u00f3wna"},"content":{"rendered":"<div class=\"wpb-content-wrapper\"><p>[vc_row][vc_column width=&#8221;1\/12&#8243;][\/vc_column][vc_column width=&#8221;1\/2&#8243;][vc_wp_text]<\/p>\n<h1 style=\"text-align: center\"><span style=\"font-size: 42pt;color: #007e9e\">Zesp\u00f3\u0142 Przedszkoli nr 1 we Wroc\u0142awiu<\/span><\/h1>\n<p>[\/vc_wp_text][vc_separator color=&#8221;custom&#8221; border_width=&#8221;4&#8243; el_width=&#8221;30&#8243; css=&#8221;.vc_custom_1632212211251{margin-top: -30px !important;}&#8221; accent_color=&#8221;#007e9e&#8221;][vc_wp_text]<\/p>\n<p data-start=\"44\" data-end=\"594\" data-is-last-node=\"\" data-is-only-node=\"\">Zesp\u00f3\u0142 Przedszkoli nr 1 we Wroc\u0142awiu to plac\u00f3wka o wieloletniej tradycji, obejmuj\u0105ca <strong data-start=\"129\" data-end=\"174\">Przedszkole nr 31 im. Janiny Porazi\u0144skiej<\/strong> (obecnie nieczynne) oraz <strong data-start=\"200\" data-end=\"243\">Przedszkole nr 141 im. Marii Kownackiej<\/strong>. Naszym celem jest tworzenie przyjaznego i inspiruj\u0105cego \u015brodowiska, w kt\u00f3rym dzieci mog\u0105 rozwija\u0107 si\u0119 w atmosferze bezpiecze\u0144stwa, akceptacji i rado\u015bci. Dzi\u0119ki wykwalifikowanej kadrze pedagogicznej oraz nowoczesnemu zapleczu edukacyjnemu, zapewniamy wszechstronny rozw\u00f3j naszych podopiecznych, dostosowany do ich indywidualnych potrzeb i mo\u017cliwo\u015bci.<\/p>\n<p>[\/vc_wp_text][\/vc_column][vc_column width=&#8221;1\/3&#8243;][vc_empty_space height=&#8221;150px&#8221;][vc_wp_text]<img loading=\"lazy\" decoding=\"async\" class=\"alignnone size-medium wp-image-571\" src=\"https:\/\/zp1.edu.wroclaw.pl\/wp-content\/uploads\/sites\/67\/2025\/03\/10-300x225.jpg\" alt=\"\" width=\"300\" height=\"225\" srcset=\"https:\/\/zp1.edu.wroclaw.pl\/wp-content\/uploads\/sites\/67\/2025\/03\/10-300x225.jpg 300w, https:\/\/zp1.edu.wroclaw.pl\/wp-content\/uploads\/sites\/67\/2025\/03\/10-1024x768.jpg 1024w, https:\/\/zp1.edu.wroclaw.pl\/wp-content\/uploads\/sites\/67\/2025\/03\/10-768x576.jpg 768w, https:\/\/zp1.edu.wroclaw.pl\/wp-content\/uploads\/sites\/67\/2025\/03\/10-1536x1152.jpg 1536w, https:\/\/zp1.edu.wroclaw.pl\/wp-content\/uploads\/sites\/67\/2025\/03\/10.jpg 1600w\" sizes=\"auto, (max-width: 300px) 100vw, 300px\" \/>[\/vc_wp_text][\/vc_column][\/vc_row][vc_row][vc_column width=&#8221;1\/3&#8243;][\/vc_column][vc_column width=&#8221;1\/3&#8243;][\/vc_column][vc_column width=&#8221;1\/3&#8243;][\/vc_column][\/vc_row][vc_row][vc_column][vc_empty_space][\/vc_column][\/vc_row][vc_row][vc_column width=&#8221;1\/12&#8243;][\/vc_column][vc_column width=&#8221;1\/2&#8243;][vc_wp_text]<\/p>\n<h1 style=\"text-align: center\"><span style=\"font-size: 42pt;color: #007e9e\">Zaplecze<\/span><\/h1>\n<p>[\/vc_wp_text][vc_separator color=&#8221;custom&#8221; border_width=&#8221;4&#8243; el_width=&#8221;30&#8243; css=&#8221;.vc_custom_1631701767265{margin-top: -30px !important;}&#8221; accent_color=&#8221;#007e9e&#8221;][vc_wp_text]<\/p>\n<p data-start=\"376\" data-end=\"758\">Przedszkole nr 141 to nowoczesna i przyjazna dzieciom plac\u00f3wka mieszcz\u0105ca si\u0119 <strong data-start=\"147\" data-end=\"171\">przy ul. Hallera 77a<\/strong>, vis-\u00e0-vis centrum handlowego Carrefour. Budynek zosta\u0142 zaprojektowany z my\u015bl\u0105 o komforcie i bezpiecze\u0144stwie najm\u0142odszych, oferuj\u0105c przestronne i dobrze wyposa\u017cone wn\u0119trza oraz du\u017cy teren rekreacyjny.<\/p>\n<p data-start=\"376\" data-end=\"758\">Plac\u00f3wka wybudowana zosta\u0142a dla <strong data-start=\"421\" data-end=\"450\">200 dzieci w 8 oddzia\u0142ach<\/strong>, zapewniaj\u0105c im doskona\u0142e warunki do rozwoju i nauki. Ka\u017cda grupa ma do dyspozycji nowoczesn\u0105, przestronn\u0105 sal\u0119 dostosowan\u0105 do wieku dzieci, a w salach dla starszak\u00f3w znajduj\u0105 si\u0119 <strong data-start=\"631\" data-end=\"657\">monitory multimedialne<\/strong>, wspieraj\u0105ce edukacj\u0119. Ka\u017cda sala posiada tak\u017ce <strong data-start=\"706\" data-end=\"725\">w\u0142asn\u0105 \u0142azienk\u0119<\/strong>, co zapewnia wygod\u0119 i higien\u0119.<\/p>\n<p data-start=\"760\" data-end=\"1006\">Przedszkole otoczone jest <strong data-start=\"786\" data-end=\"813\">du\u017cym, zielonym ogrodem<\/strong>, w kt\u00f3rym znajduj\u0105 si\u0119 <strong data-start=\"837\" data-end=\"867\">dwa nowoczesne place zabaw<\/strong> dostosowane do r\u00f3\u017cnych grup wiekowych. Dzi\u0119ki bezpiecznym i atrakcyjnym sprz\u0119tom dzieci mog\u0105 aktywnie sp\u0119dza\u0107 czas na \u015bwie\u017cym powietrzu.<\/p>\n<p data-start=\"1008\" data-end=\"1324\">W budynku mie\u015bci si\u0119 r\u00f3wnie\u017c <strong data-start=\"1037\" data-end=\"1083\">wielofunkcyjna sala o powierzchni 107,5 m\u00b2<\/strong>, przeznaczona do zaj\u0119\u0107 ruchowych, wydarze\u0144 przedszkolnych i innych aktywno\u015bci grupowych. Dodatkowo przedszkole dysponuje <strong data-start=\"1205\" data-end=\"1259\">sal\u0105 terapeutyczn\u0105 do integracji sensorycznej (SI)<\/strong>, w kt\u00f3rej dzieci mog\u0105 korzysta\u0107 ze specjalistycznego wsparcia.<\/p>\n<p data-start=\"1326\" data-end=\"1487\"><strong data-start=\"1326\" data-end=\"1365\">Atutem plac\u00f3wki jest w\u0142asna kuchnia\u00a0z certyfikatem zdrowego i racjonalnego \u017cywienia<\/strong>, w kt\u00f3rej przygotowywane s\u0105 zdrowe i pe\u0142nowarto\u015bciowe posi\u0142ki, uwzgl\u0119dniaj\u0105ce indywidualne potrzeby dietetyczne dzieci.<\/p>\n<p data-start=\"1489\" data-end=\"1675\">Budynek przedszkola jest <strong data-start=\"1514\" data-end=\"1574\">przystosowany dla os\u00f3b z niepe\u0142nosprawno\u015bciami ruchowymi<\/strong> \u2013 wyposa\u017cony w wind\u0119 oraz inne udogodnienia, kt\u00f3re zapewniaj\u0105 komfort i dost\u0119pno\u015b\u0107 dla wszystkich.<\/p>\n<p>[\/vc_wp_text][\/vc_column][vc_column width=&#8221;1\/3&#8243;][vc_empty_space height=&#8221;160px&#8221;][vc_wp_text]<img loading=\"lazy\" decoding=\"async\" class=\"alignnone wp-image-589 size-full\" src=\"https:\/\/zp1.edu.wroclaw.pl\/wp-content\/uploads\/sites\/67\/2025\/03\/Projekt-bez-nazwy-2.jpg\" alt=\"\" width=\"1155\" height=\"1654\" srcset=\"https:\/\/zp1.edu.wroclaw.pl\/wp-content\/uploads\/sites\/67\/2025\/03\/Projekt-bez-nazwy-2.jpg 1155w, https:\/\/zp1.edu.wroclaw.pl\/wp-content\/uploads\/sites\/67\/2025\/03\/Projekt-bez-nazwy-2-209x300.jpg 209w, https:\/\/zp1.edu.wroclaw.pl\/wp-content\/uploads\/sites\/67\/2025\/03\/Projekt-bez-nazwy-2-715x1024.jpg 715w, https:\/\/zp1.edu.wroclaw.pl\/wp-content\/uploads\/sites\/67\/2025\/03\/Projekt-bez-nazwy-2-768x1100.jpg 768w, https:\/\/zp1.edu.wroclaw.pl\/wp-content\/uploads\/sites\/67\/2025\/03\/Projekt-bez-nazwy-2-1073x1536.jpg 1073w\" sizes=\"auto, (max-width: 1155px) 100vw, 1155px\" \/><img loading=\"lazy\" decoding=\"async\" class=\"alignnone wp-image-700\" src=\"https:\/\/zp1.edu.wroclaw.pl\/wp-content\/uploads\/sites\/67\/2026\/02\/Projekt-bez-nazwy-3-300x212.jpg\" alt=\"\" width=\"350\" height=\"247\" srcset=\"https:\/\/zp1.edu.wroclaw.pl\/wp-content\/uploads\/sites\/67\/2026\/02\/Projekt-bez-nazwy-3-300x212.jpg 300w, https:\/\/zp1.edu.wroclaw.pl\/wp-content\/uploads\/sites\/67\/2026\/02\/Projekt-bez-nazwy-3-1024x723.jpg 1024w, https:\/\/zp1.edu.wroclaw.pl\/wp-content\/uploads\/sites\/67\/2026\/02\/Projekt-bez-nazwy-3-768x542.jpg 768w, https:\/\/zp1.edu.wroclaw.pl\/wp-content\/uploads\/sites\/67\/2026\/02\/Projekt-bez-nazwy-3-1536x1084.jpg 1536w, https:\/\/zp1.edu.wroclaw.pl\/wp-content\/uploads\/sites\/67\/2026\/02\/Projekt-bez-nazwy-3-2048x1446.jpg 2048w\" sizes=\"auto, (max-width: 350px) 100vw, 350px\" \/>[\/vc_wp_text][\/vc_column][\/vc_row][vc_row][vc_column][vc_empty_space][vc_column_text]<img loading=\"lazy\" decoding=\"async\" class=\"size-large wp-image-334 aligncenter\" src=\"https:\/\/zp1.edu.wroclaw.pl\/wp-content\/uploads\/sites\/67\/2022\/09\/loga_wspolnie_unicef_wroclaw_-1024x342.png\" alt=\"logo unicef, wroc\u0142aw\" width=\"1024\" height=\"342\" srcset=\"https:\/\/zp1.edu.wroclaw.pl\/wp-content\/uploads\/sites\/67\/2022\/09\/loga_wspolnie_unicef_wroclaw_-1024x342.png 1024w, https:\/\/zp1.edu.wroclaw.pl\/wp-content\/uploads\/sites\/67\/2022\/09\/loga_wspolnie_unicef_wroclaw_-300x100.png 300w, https:\/\/zp1.edu.wroclaw.pl\/wp-content\/uploads\/sites\/67\/2022\/09\/loga_wspolnie_unicef_wroclaw_-768x256.png 768w, https:\/\/zp1.edu.wroclaw.pl\/wp-content\/uploads\/sites\/67\/2022\/09\/loga_wspolnie_unicef_wroclaw_-600x200.png 600w, https:\/\/zp1.edu.wroclaw.pl\/wp-content\/uploads\/sites\/67\/2022\/09\/loga_wspolnie_unicef_wroclaw_-1536x512.png 1536w, https:\/\/zp1.edu.wroclaw.pl\/wp-content\/uploads\/sites\/67\/2022\/09\/loga_wspolnie_unicef_wroclaw_.png 1772w\" sizes=\"auto, (max-width: 1024px) 100vw, 1024px\" \/>[\/vc_column_text][\/vc_column][\/vc_row]<\/p>\n<\/div>","protected":false},"excerpt":{"rendered":"<p>[vc_row][vc_column width=&#8221;1\/12&#8243;][\/vc_column][vc_column width=&#8221;1\/2&#8243;][vc_wp_text] Zesp\u00f3\u0142 Przedszkoli nr 1 we Wroc\u0142awiu [\/vc_wp_text][vc_separator color=&#8221;custom&#8221; border_width=&#8221;4&#8243; el_width=&#8221;30&#8243; css=&#8221;.vc_custom_1632212211251{margin-top: -30px !important;}&#8221; accent_color=&#8221;#007e9e&#8221;][vc_wp_text] Zesp\u00f3\u0142 Przedszkoli nr 1 we Wroc\u0142awiu to plac\u00f3wka o wieloletniej tradycji, obejmuj\u0105ca Przedszkole [&hellip;]<\/p>\n","protected":false},"author":7,"featured_media":0,"parent":0,"menu_order":0,"comment_status":"closed","ping_status":"closed","template":"","meta":{"ngg_post_thumbnail":0,"footnotes":""},"class_list":["post-16","page","type-page","status-publish","hentry","clearfix"],"_links":{"self":[{"href":"https:\/\/zp1.edu.wroclaw.pl\/index.php\/wp-json\/wp\/v2\/pages\/16","targetHints":{"allow":["GET"]}}],"collection":[{"href":"https:\/\/zp1.edu.wroclaw.pl\/index.php\/wp-json\/wp\/v2\/pages"}],"about":[{"href":"https:\/\/zp1.edu.wroclaw.pl\/index.php\/wp-json\/wp\/v2\/types\/page"}],"author":[{"embeddable":true,"href":"https:\/\/zp1.edu.wroclaw.pl\/index.php\/wp-json\/wp\/v2\/users\/7"}],"replies":[{"embeddable":true,"href":"https:\/\/zp1.edu.wroclaw.pl\/index.php\/wp-json\/wp\/v2\/comments?post=16"}],"version-history":[{"count":18,"href":"https:\/\/zp1.edu.wroclaw.pl\/index.php\/wp-json\/wp\/v2\/pages\/16\/revisions"}],"predecessor-version":[{"id":701,"href":"https:\/\/zp1.edu.wroclaw.pl\/index.php\/wp-json\/wp\/v2\/pages\/16\/revisions\/701"}],"wp:attachment":[{"href":"https:\/\/zp1.edu.wroclaw.pl\/index.php\/wp-json\/wp\/v2\/media?parent=16"}],"curies":[{"name":"wp","href":"https:\/\/api.w.org\/{rel}","templated":true}]}}

Strona główna

<div class="wpb-content-wrapper"><p>[vc_row][vc_column width=&#8221;1/12&#8243;][/vc_column][vc_column width=&#8221;1/2&#8243;][vc_wp_text]</p>
<h1 style="text-align: center"><span style="font-size: 42pt;color: #007e9e">Zespół Przedszkoli nr 1 we Wrocławiu</span></h1>
<p>[/vc_wp_text][vc_separator color=&#8221;custom&#8221; border_width=&#8221;4&#8243; el_width=&#8221;30&#8243; css=&#8221;.vc_custom_1632212211251{margin-top: -30px !important;}&#8221; accent_color=&#8221;#007e9e&#8221;][vc_wp_text]</p>
<p data-start="44" data-end="594" data-is-last-node="" data-is-only-node="">Zespół Przedszkoli nr 1 we Wrocławiu to placówka o wieloletniej tradycji, obejmująca <strong data-start="129" data-end="174">Przedszkole nr 31 im. Janiny Porazińskiej</strong> (obecnie nieczynne) oraz <strong data-start="200" data-end="243">Przedszkole nr 141 im. Marii Kownackiej</strong>. Naszym celem jest tworzenie przyjaznego i inspirującego środowiska, w którym dzieci mogą rozwijać się w atmosferze bezpieczeństwa, akceptacji i radości. Dzięki wykwalifikowanej kadrze pedagogicznej oraz nowoczesnemu zapleczu edukacyjnemu, zapewniamy wszechstronny rozwój naszych podopiecznych, dostosowany do ich indywidualnych potrzeb i możliwości.</p>
<p>[/vc_wp_text][/vc_column][vc_column width=&#8221;1/3&#8243;][vc_empty_space height=&#8221;150px&#8221;][vc_wp_text]<img loading="lazy" decoding="async" class="alignnone size-medium wp-image-571" src="https://zp1.edu.wroclaw.pl/wp-content/uploads/sites/67/2025/03/10-300x225.jpg" alt="" width="300" height="225" srcset="https://zp1.edu.wroclaw.pl/wp-content/uploads/sites/67/2025/03/10-300x225.jpg 300w, https://zp1.edu.wroclaw.pl/wp-content/uploads/sites/67/2025/03/10-1024x768.jpg 1024w, https://zp1.edu.wroclaw.pl/wp-content/uploads/sites/67/2025/03/10-768x576.jpg 768w, https://zp1.edu.wroclaw.pl/wp-content/uploads/sites/67/2025/03/10-1536x1152.jpg 1536w, https://zp1.edu.wroclaw.pl/wp-content/uploads/sites/67/2025/03/10.jpg 1600w" sizes="auto, (max-width: 300px) 100vw, 300px" />[/vc_wp_text][/vc_column][/vc_row][vc_row][vc_column width=&#8221;1/3&#8243;][/vc_column][vc_column width=&#8221;1/3&#8243;][/vc_column][vc_column width=&#8221;1/3&#8243;][/vc_column][/vc_row][vc_row][vc_column][vc_empty_space][/vc_column][/vc_row][vc_row][vc_column width=&#8221;1/12&#8243;][/vc_column][vc_column width=&#8221;1/2&#8243;][vc_wp_text]</p>
<h1 style="text-align: center"><span style="font-size: 42pt;color: #007e9e">Zaplecze</span></h1>
<p>[/vc_wp_text][vc_separator color=&#8221;custom&#8221; border_width=&#8221;4&#8243; el_width=&#8221;30&#8243; css=&#8221;.vc_custom_1631701767265{margin-top: -30px !important;}&#8221; accent_color=&#8221;#007e9e&#8221;][vc_wp_text]</p>
<p data-start="376" data-end="758">Przedszkole nr 141 to nowoczesna i przyjazna dzieciom placówka mieszcząca się <strong data-start="147" data-end="171">przy ul. Hallera 77a</strong>, vis-à-vis centrum handlowego Carrefour. Budynek został zaprojektowany z myślą o komforcie i bezpieczeństwie najmłodszych, oferując przestronne i dobrze wyposażone wnętrza oraz duży teren rekreacyjny.</p>
<p data-start="376" data-end="758">Placówka wybudowana została dla <strong data-start="421" data-end="450">200 dzieci w 8 oddziałach</strong>, zapewniając im doskonałe warunki do rozwoju i nauki. Każda grupa ma do dyspozycji nowoczesną, przestronną salę dostosowaną do wieku dzieci, a w salach dla starszaków znajdują się <strong data-start="631" data-end="657">monitory multimedialne</strong>, wspierające edukację. Każda sala posiada także <strong data-start="706" data-end="725">własną łazienkę</strong>, co zapewnia wygodę i higienę.</p>
<p data-start="760" data-end="1006">Przedszkole otoczone jest <strong data-start="786" data-end="813">dużym, zielonym ogrodem</strong>, w którym znajdują się <strong data-start="837" data-end="867">dwa nowoczesne place zabaw</strong> dostosowane do różnych grup wiekowych. Dzięki bezpiecznym i atrakcyjnym sprzętom dzieci mogą aktywnie spędzać czas na świeżym powietrzu.</p>
<p data-start="1008" data-end="1324">W budynku mieści się również <strong data-start="1037" data-end="1083">wielofunkcyjna sala o powierzchni 107,5 m²</strong>, przeznaczona do zajęć ruchowych, wydarzeń przedszkolnych i innych aktywności grupowych. Dodatkowo przedszkole dysponuje <strong data-start="1205" data-end="1259">salą terapeutyczną do integracji sensorycznej (SI)</strong>, w której dzieci mogą korzystać ze specjalistycznego wsparcia.</p>
<p data-start="1326" data-end="1487"><strong data-start="1326" data-end="1365">Atutem placówki jest własna kuchnia z certyfikatem zdrowego i racjonalnego żywienia</strong>, w której przygotowywane są zdrowe i pełnowartościowe posiłki, uwzględniające indywidualne potrzeby dietetyczne dzieci.</p>
<p data-start="1489" data-end="1675">Budynek przedszkola jest <strong data-start="1514" data-end="1574">przystosowany dla osób z niepełnosprawnościami ruchowymi</strong> – wyposażony w windę oraz inne udogodnienia, które zapewniają komfort i dostępność dla wszystkich.</p>
<p>[/vc_wp_text][/vc_column][vc_column width=&#8221;1/3&#8243;][vc_empty_space height=&#8221;160px&#8221;][vc_wp_text]<img loading="lazy" decoding="async" class="alignnone wp-image-589 size-full" src="https://zp1.edu.wroclaw.pl/wp-content/uploads/sites/67/2025/03/Projekt-bez-nazwy-2.jpg" alt="" width="1155" height="1654" srcset="https://zp1.edu.wroclaw.pl/wp-content/uploads/sites/67/2025/03/Projekt-bez-nazwy-2.jpg 1155w, https://zp1.edu.wroclaw.pl/wp-content/uploads/sites/67/2025/03/Projekt-bez-nazwy-2-209x300.jpg 209w, https://zp1.edu.wroclaw.pl/wp-content/uploads/sites/67/2025/03/Projekt-bez-nazwy-2-715x1024.jpg 715w, https://zp1.edu.wroclaw.pl/wp-content/uploads/sites/67/2025/03/Projekt-bez-nazwy-2-768x1100.jpg 768w, https://zp1.edu.wroclaw.pl/wp-content/uploads/sites/67/2025/03/Projekt-bez-nazwy-2-1073x1536.jpg 1073w" sizes="auto, (max-width: 1155px) 100vw, 1155px" /><img loading="lazy" decoding="async" class="alignnone wp-image-700" src="https://zp1.edu.wroclaw.pl/wp-content/uploads/sites/67/2026/02/Projekt-bez-nazwy-3-300x212.jpg" alt="" width="350" height="247" srcset="https://zp1.edu.wroclaw.pl/wp-content/uploads/sites/67/2026/02/Projekt-bez-nazwy-3-300x212.jpg 300w, https://zp1.edu.wroclaw.pl/wp-content/uploads/sites/67/2026/02/Projekt-bez-nazwy-3-1024x723.jpg 1024w, https://zp1.edu.wroclaw.pl/wp-content/uploads/sites/67/2026/02/Projekt-bez-nazwy-3-768x542.jpg 768w, https://zp1.edu.wroclaw.pl/wp-content/uploads/sites/67/2026/02/Projekt-bez-nazwy-3-1536x1084.jpg 1536w, https://zp1.edu.wroclaw.pl/wp-content/uploads/sites/67/2026/02/Projekt-bez-nazwy-3-2048x1446.jpg 2048w" sizes="auto, (max-width: 350px) 100vw, 350px" />[/vc_wp_text][/vc_column][/vc_row][vc_row][vc_column][vc_empty_space][vc_column_text]<img loading="lazy" decoding="async" class="size-large wp-image-334 aligncenter" src="https://zp1.edu.wroclaw.pl/wp-content/uploads/sites/67/2022/09/loga_wspolnie_unicef_wroclaw_-1024x342.png" alt="logo unicef, wrocław" width="1024" height="342" srcset="https://zp1.edu.wroclaw.pl/wp-content/uploads/sites/67/2022/09/loga_wspolnie_unicef_wroclaw_-1024x342.png 1024w, https://zp1.edu.wroclaw.pl/wp-content/uploads/sites/67/2022/09/loga_wspolnie_unicef_wroclaw_-300x100.png 300w, https://zp1.edu.wroclaw.pl/wp-content/uploads/sites/67/2022/09/loga_wspolnie_unicef_wroclaw_-768x256.png 768w, https://zp1.edu.wroclaw.pl/wp-content/uploads/sites/67/2022/09/loga_wspolnie_unicef_wroclaw_-600x200.png 600w, https://zp1.edu.wroclaw.pl/wp-content/uploads/sites/67/2022/09/loga_wspolnie_unicef_wroclaw_-1536x512.png 1536w, https://zp1.edu.wroclaw.pl/wp-content/uploads/sites/67/2022/09/loga_wspolnie_unicef_wroclaw_.png 1772w" sizes="auto, (max-width: 1024px) 100vw, 1024px" />[/vc_column_text][/vc_column][/vc_row]</p>
</div>

<p>[vc_row][vc_column width=&#8221;1/12&#8243;][/vc_column][vc_column width=&#8221;1/2&#8243;][vc_wp_text] Zespół Przedszkoli nr 1 we Wrocławiu [/vc_wp_text][vc_separator color=&#8221;custom&#8221; border_width=&#8221;4&#8243; el_width=&#8221;30&#8243; css=&#8221;.vc_custom_1632212211251{margin-top: -30px !important;}&#8221; accent_color=&#8221;#007e9e&#8221;][vc_wp_text] Zespół Przedszkoli nr 1 we Wrocławiu to placówka o wieloletniej tradycji, obejmująca Przedszkole [&hellip;]</p>
