
{"id":503,"date":"2025-01-22T14:13:14","date_gmt":"2025-01-22T13:13:14","guid":{"rendered":"https:\/\/zp1.edu.wroclaw.pl\/?page_id=503"},"modified":"2025-02-09T20:47:27","modified_gmt":"2025-02-09T19:47:27","slug":"ramowy-rozklad-dnia","status":"publish","type":"page","link":"https:\/\/zp1.edu.wroclaw.pl\/index.php\/ramowy-rozklad-dnia\/","title":{"rendered":"Ramowy plan dnia"},"content":{"rendered":"<p><span style=\"font-size: 16px\"><span style=\"color: #3276a9\"><strong>6:30<\/strong> \u2013 <strong>8:30 <\/strong><\/span>&#8211; Schodzenie si\u0119 dzieci, zabawy swobodne, zaj\u0119cia indywidualne wspieraj\u0105ce rozw\u00f3j dziecka<\/span><br \/>\n<span style=\"font-size: 16px\"><strong><span style=\"color: #3276a9\">8:00 <\/span><\/strong>&#8211; Zabawy ruchowe, \u0107wiczenia i zabawy poranne, czynno\u015bci samoobs\u0142ugowe w \u0142azience, przygotowanie do \u015bniadania<\/span><br \/>\n<span style=\"font-size: 16px\"><strong><span style=\"color: #3276a9\">8:30 <\/span><\/strong>&#8211; <strong>I posi\u0142ek<\/strong> \u2013 \u015bniadanie<\/span><br \/>\n<span style=\"font-size: 16px\"><strong><span style=\"color: #3276a9\">9:00<\/span><\/strong> \u2013 <strong>Zaj\u0119cia dydaktyczne<\/strong> \u2013 zaj\u0119cia inspirowane przez nauczyciela celem wspierania rozwoju- dzieci w obszarze spo\u0142ecznym, poznawczym, fizycznym i emocjonalnym,\u00a0 zabawy ruchowe, zaj\u0119cia z j\u0119zyka angielskiego i umuzykalniaj\u0105ce,-\u00a0 zaj\u0119cia specjalistyczne: logopedyczne i gimnastyka- og\u00f3lnorozwojowa.<\/span><br \/>\n<span style=\"font-size: 16px\"><strong><span style=\"color: #3276a9\">10:00 <\/span><\/strong>\u2013 <strong>Zabawy swobodne w sali wed\u0142ug zainteresowa\u0144<\/strong> <strong>dzieci<\/strong>\u2013 spacery, wycieczki, zabawy na terenie ogrodu przedszkolnego<\/span><br \/>\n<span style=\"font-size: 16px\"><strong><span style=\"color: #3276a9\">11.00<\/span><\/strong> \u2013 <strong>Czynno\u015bci samoobs\u0142ugowe w \u0142azience <\/strong>\u2013 ruchowe, przygotowanie do posi\u0142ku<\/span><\/p>\n<p><span style=\"font-size: 16px\"><strong><span style=\"color: #3276a9\">11:30<\/span><\/strong> &#8211; <strong>II posi\u0142ek <\/strong>\u2013 zupa i deser<\/span><br \/>\n<span style=\"font-size: 16px\"><strong><span style=\"color: #3276a9\">12:00 <\/span><\/strong>\u2013 <strong>Odpoczynek w grupie trzylatk\u00f3w, pozosta\u0142e grupy <\/strong>\u2013 zabawy relaksacyjne w sali lub ogrodzie przedszkolnym, zaj\u0119cia rozwijaj\u0105ce zainteresowania, praca indywidualna, przygotowanie do posi\u0142ku<\/span><br \/>\n<span style=\"font-size: 16px\"><strong><span style=\"color: #3276a9\">13:30<\/span><\/strong> \u2013 <strong>III posi\u0142ek <\/strong>\u2013 obiad: drugie danie<\/span><br \/>\n<span style=\"font-size: 16px\"><strong><span style=\"color: #3276a9\">14:00 <\/span><\/strong>&#8211; <strong>Zaj\u0119cia i zabawy kierowane i niekierowane <\/strong>\u2013 w k\u0105cikach zainteresowa\u0144 w sali lub w ogrodzie przedszkolnym, zaj\u0119cia indywidualne wspieraj\u0105ce rozw\u00f3j dziecka<\/span><br \/>\n<span style=\"font-size: 16px\"><strong><span style=\"color: #3276a9\">16:30 <\/span><\/strong>&#8211; <strong>Zabawy wg zainteresowa\u0144 dzieci <\/strong>\u2013 manipulacyjne, konstrukcyjne, tematyczne, dydaktyczne, inne w k\u0105cikach zainteresowa\u0144, prace porz\u0105dkowe<\/span><\/p>\n","protected":false},"excerpt":{"rendered":"<p>6:30 \u2013 8:30 &#8211; Schodzenie si\u0119 dzieci, zabawy swobodne, zaj\u0119cia indywidualne wspieraj\u0105ce rozw\u00f3j dziecka 8:00 &#8211; Zabawy ruchowe, \u0107wiczenia i zabawy poranne, czynno\u015bci samoobs\u0142ugowe w \u0142azience, przygotowanie do \u015bniadania 8:30 [&hellip;]<\/p>\n","protected":false},"author":7,"featured_media":0,"parent":0,"menu_order":0,"comment_status":"closed","ping_status":"closed","template":"","meta":{"ngg_post_thumbnail":0,"footnotes":""},"class_list":["post-503","page","type-page","status-publish","hentry","clearfix"],"_links":{"self":[{"href":"https:\/\/zp1.edu.wroclaw.pl\/index.php\/wp-json\/wp\/v2\/pages\/503","targetHints":{"allow":["GET"]}}],"collection":[{"href":"https:\/\/zp1.edu.wroclaw.pl\/index.php\/wp-json\/wp\/v2\/pages"}],"about":[{"href":"https:\/\/zp1.edu.wroclaw.pl\/index.php\/wp-json\/wp\/v2\/types\/page"}],"author":[{"embeddable":true,"href":"https:\/\/zp1.edu.wroclaw.pl\/index.php\/wp-json\/wp\/v2\/users\/7"}],"replies":[{"embeddable":true,"href":"https:\/\/zp1.edu.wroclaw.pl\/index.php\/wp-json\/wp\/v2\/comments?post=503"}],"version-history":[{"count":4,"href":"https:\/\/zp1.edu.wroclaw.pl\/index.php\/wp-json\/wp\/v2\/pages\/503\/revisions"}],"predecessor-version":[{"id":538,"href":"https:\/\/zp1.edu.wroclaw.pl\/index.php\/wp-json\/wp\/v2\/pages\/503\/revisions\/538"}],"wp:attachment":[{"href":"https:\/\/zp1.edu.wroclaw.pl\/index.php\/wp-json\/wp\/v2\/media?parent=503"}],"curies":[{"name":"wp","href":"https:\/\/api.w.org\/{rel}","templated":true}]}}