
{"id":511,"date":"2025-01-22T14:20:39","date_gmt":"2025-01-22T13:20:39","guid":{"rendered":"https:\/\/zp1.edu.wroclaw.pl\/?page_id=511"},"modified":"2025-09-21T20:12:10","modified_gmt":"2025-09-21T18:12:10","slug":"zajecia-w-przedszkolu","status":"publish","type":"page","link":"https:\/\/zp1.edu.wroclaw.pl\/index.php\/zajecia-w-przedszkolu\/","title":{"rendered":"Zaj\u0119cia w przedszkolu"},"content":{"rendered":"<div class=\"wpb-content-wrapper\"><p>[vc_row][vc_column][vc_column_text css=&#8221;&#8221;]<\/p>\n<h1><strong>W ramach codziennych aktywno\u015bci dzieci uczestnicz\u0105 w r\u00f3\u017cnorodnych zaj\u0119ciach wspieraj\u0105cych ich rozw\u00f3j:<\/strong><\/h1>\n<p>\ud83d\udd39 <strong>J\u0119zyk angielski (w grupach IV, V i IV)<\/strong> \u2013 poprzez zabaw\u0119, piosenki i rymowanki dzieci oswajaj\u0105 si\u0119 z podstawowymi zwrotami i s\u0142ownictwem w j\u0119zyku angielskim. Zaj\u0119cia prowadzone s\u0105 w spos\u00f3b anga\u017cuj\u0105cy, dostosowany do wieku przedszkolak\u00f3w.<\/p>\n<p>\ud83d\udd39 <strong>Gimnastyka og\u00f3lnorozwojowa<\/strong> \u2013 \u0107wiczenia ruchowe maj\u0105ce na celu wspieranie sprawno\u015bci fizycznej, koordynacji i zdrowej postawy cia\u0142a. Dzieci rozwijaj\u0105 si\u0142\u0119, gibko\u015b\u0107 oraz umiej\u0119tno\u015b\u0107 wsp\u00f3\u0142pracy w grupie.<\/p>\n<p>\ud83d\udd39 <strong>Zaj\u0119cia og\u00f3lnorozwojowe \u201eMali Wspaniali\u201d<\/strong> \u2013 program wzmacniaj\u0105cy sprawno\u015b\u0107 ruchow\u0105, pewno\u015b\u0107 siebie i umiej\u0119tno\u015bci spo\u0142eczne poprzez r\u00f3\u017cnorodne \u0107wiczenia sportowe oraz aktywno\u015bci integracyjne.<\/p>\n<p>\ud83d\udd39 <strong>Zaj\u0119cia logopedyczne<\/strong> \u2013 wspieraj\u0105ce prawid\u0142owy rozw\u00f3j mowy, prowadzone przez specjalist\u0119. Dzieci \u0107wicz\u0105 prawid\u0142ow\u0105 wymow\u0119, rozwijaj\u0105 s\u0142ownictwo oraz usprawniaj\u0105 narz\u0105dy artykulacyjne poprzez zabawy j\u0119zykowe i \u0107wiczenia oddechowe.<\/p>\n<h1><strong>W naszym przedszkolu oferujemy r\u00f3wnie\u017c zaj\u0119cia dodatkowe, kt\u00f3re wspieraj\u0105 rozw\u00f3j dzieci w kreatywny i anga\u017cuj\u0105cy spos\u00f3b:<\/strong><\/h1>\n<p>\ud83d\udd39 <strong>J\u0119zyk angielski \u201eKokosowa Wyspa\u201d<\/strong>\u00a0\u2013 zaj\u0119cia prowadzone w atrakcyjnej formie zabaw i interakcji, kt\u00f3re pomagaj\u0105 dzieciom oswaja\u0107 si\u0119 z j\u0119zykiem angielskim. Program oparty jest na ruchu, piosenkach i anga\u017cuj\u0105cych zadaniach, dzi\u0119ki czemu nauka staje si\u0119 przyjemno\u015bci\u0105.[\/vc_column_text][\/vc_column][\/vc_row]<\/p>\n<\/div>","protected":false},"excerpt":{"rendered":"<p>[vc_row][vc_column][vc_column_text css=&#8221;&#8221;] W ramach codziennych aktywno\u015bci dzieci uczestnicz\u0105 w r\u00f3\u017cnorodnych zaj\u0119ciach wspieraj\u0105cych ich rozw\u00f3j: \ud83d\udd39 J\u0119zyk angielski (w grupach IV, V i IV) \u2013 poprzez zabaw\u0119, piosenki i rymowanki dzieci [&hellip;]<\/p>\n","protected":false},"author":7,"featured_media":0,"parent":0,"menu_order":0,"comment_status":"closed","ping_status":"closed","template":"","meta":{"ngg_post_thumbnail":0,"footnotes":""},"class_list":["post-511","page","type-page","status-publish","hentry","clearfix"],"_links":{"self":[{"href":"https:\/\/zp1.edu.wroclaw.pl\/index.php\/wp-json\/wp\/v2\/pages\/511","targetHints":{"allow":["GET"]}}],"collection":[{"href":"https:\/\/zp1.edu.wroclaw.pl\/index.php\/wp-json\/wp\/v2\/pages"}],"about":[{"href":"https:\/\/zp1.edu.wroclaw.pl\/index.php\/wp-json\/wp\/v2\/types\/page"}],"author":[{"embeddable":true,"href":"https:\/\/zp1.edu.wroclaw.pl\/index.php\/wp-json\/wp\/v2\/users\/7"}],"replies":[{"embeddable":true,"href":"https:\/\/zp1.edu.wroclaw.pl\/index.php\/wp-json\/wp\/v2\/comments?post=511"}],"version-history":[{"count":6,"href":"https:\/\/zp1.edu.wroclaw.pl\/index.php\/wp-json\/wp\/v2\/pages\/511\/revisions"}],"predecessor-version":[{"id":642,"href":"https:\/\/zp1.edu.wroclaw.pl\/index.php\/wp-json\/wp\/v2\/pages\/511\/revisions\/642"}],"wp:attachment":[{"href":"https:\/\/zp1.edu.wroclaw.pl\/index.php\/wp-json\/wp\/v2\/media?parent=511"}],"curies":[{"name":"wp","href":"https:\/\/api.w.org\/{rel}","templated":true}]}}